{"id":391,"date":"2021-06-08T20:27:56","date_gmt":"2021-06-08T19:27:56","guid":{"rendered":"https:\/\/brfdiariet6.se\/?page_id=391"},"modified":"2021-06-09T08:50:15","modified_gmt":"2021-06-09T07:50:15","slug":"trivselregler","status":"publish","type":"page","link":"https:\/\/brfdiariet6.se\/?page_id=391","title":{"rendered":"Trivselregler"},"content":{"rendered":"\n<h2 class=\"has-normal-font-size\"><strong>St\u00f6rningar<\/strong><\/h2>\n\n\n\n<p>Det \u00e4r lyh\u00f6rt i fastigheten och det g\u00f6r det extra viktigt att visa sina grannar h\u00e4nsyn. Det skall d\u00e4rf\u00f6r vara lugnt och tyst i huset mellan 22.00 och 06.00 p\u00e5 vardagar och mellan 23.00 och 09.00 under veckoslut. Vid st\u00f6rning prata i f\u00f6rsta hand med den som f\u00f6rorsakat st\u00f6rningen.<\/p>\n\n\n\n<h2 class=\"has-normal-font-size\"><strong>R\u00f6kf\u00f6rbud<\/strong><\/h2>\n\n\n\n<p>Det \u00e4r ej till\u00e5tet att r\u00f6ka inom trapphuset, eller andra offentliga utrymmen inom fastigheten. Det \u00e4r till\u00e5tet att r\u00f6ka vid tr\u00e4dg\u00e5rden och vid entr\u00e9n, men t\u00e4nk g\u00e4rna p\u00e5 dina grannar och st\u00e4ll dig en bit bort fr\u00e5n fastigheten, s\u00e5 att r\u00f6ken inte st\u00f6r andra medlemmar. Gl\u00f6m inte att ta hand om era fimpar.<\/p>\n","protected":false},"excerpt":{"rendered":"<p>St\u00f6rningar Det \u00e4r lyh\u00f6rt i fastigheten och det g\u00f6r det extra viktigt att visa sina grannar h\u00e4nsyn. Det skall d\u00e4rf\u00f6r vara lugnt och tyst i huset mellan 22.00 och 06.00 p\u00e5 vardagar och mellan 23.00 och 09.00 under veckoslut. Vid st\u00f6rning prata i f\u00f6rsta hand med den som f\u00f6rorsakat st\u00f6rningen. R\u00f6kf\u00f6rbud Det \u00e4r ej till\u00e5tet &hellip; <\/p>\n<p class=\"link-more\"><a href=\"https:\/\/brfdiariet6.se\/?page_id=391\" class=\"more-link\">Forts\u00e4tt l\u00e4sa<span class=\"screen-reader-text\"> \u201dTrivselregler\u201d<\/span><\/a><\/p>\n","protected":false},"author":1,"featured_media":0,"parent":409,"menu_order":4,"comment_status":"closed","ping_status":"closed","template":"","meta":[],"_links":{"self":[{"href":"https:\/\/brfdiariet6.se\/index.php?rest_route=\/wp\/v2\/pages\/391"}],"collection":[{"href":"https:\/\/brfdiariet6.se\/index.php?rest_route=\/wp\/v2\/pages"}],"about":[{"href":"https:\/\/brfdiariet6.se\/index.php?rest_route=\/wp\/v2\/types\/page"}],"author":[{"embeddable":true,"href":"https:\/\/brfdiariet6.se\/index.php?rest_route=\/wp\/v2\/users\/1"}],"replies":[{"embeddable":true,"href":"https:\/\/brfdiariet6.se\/index.php?rest_route=%2Fwp%2Fv2%2Fcomments&post=391"}],"version-history":[{"count":4,"href":"https:\/\/brfdiariet6.se\/index.php?rest_route=\/wp\/v2\/pages\/391\/revisions"}],"predecessor-version":[{"id":423,"href":"https:\/\/brfdiariet6.se\/index.php?rest_route=\/wp\/v2\/pages\/391\/revisions\/423"}],"up":[{"embeddable":true,"href":"https:\/\/brfdiariet6.se\/index.php?rest_route=\/wp\/v2\/pages\/409"}],"wp:attachment":[{"href":"https:\/\/brfdiariet6.se\/index.php?rest_route=%2Fwp%2Fv2%2Fmedia&parent=391"}],"curies":[{"name":"wp","href":"https:\/\/api.w.org\/{rel}","templated":true}]}}