{"id":409,"date":"2021-06-08T20:31:26","date_gmt":"2021-06-08T19:31:26","guid":{"rendered":"https:\/\/brfdiariet6.se\/?page_id=409"},"modified":"2021-06-09T08:48:38","modified_gmt":"2021-06-09T07:48:38","slug":"medlemsinformation","status":"publish","type":"page","link":"https:\/\/brfdiariet6.se\/?page_id=409","title":{"rendered":"Medlemsinformation"},"content":{"rendered":"\n<ul><li><a href=\"https:\/\/brfdiariet6.se\/?page_id=384\">Nyinflyttad<\/a><\/li><li><a href=\"https:\/\/brfdiariet6.se\/?page_id=382\">Lokaler<\/a><\/li><li><a href=\"https:\/\/brfdiariet6.se\/?page_id=431\">Tr\u00e4dg\u00e5rd<\/a><\/li><li><a href=\"https:\/\/brfdiariet6.se\/?page_id=398\">Kulturklassning<\/a><\/li><li><a href=\"https:\/\/brfdiariet6.se\/?page_id=391\">Trivselregler<\/a><\/li><li><a href=\"https:\/\/brfdiariet6.se\/?page_id=390\">Renoveringar<\/a><\/li><li><a href=\"https:\/\/brfdiariet6.se\/?page_id=438\">Ventilation<\/a><\/li><li><a href=\"https:\/\/brfdiariet6.se\/?page_id=396\">Brands\u00e4kerhet<\/a><\/li><\/ul>\n","protected":false},"excerpt":{"rendered":"<p>Nyinflyttad Lokaler Tr\u00e4dg\u00e5rd Kulturklassning Trivselregler Renoveringar Ventilation Brands\u00e4kerhet<\/p>\n","protected":false},"author":1,"featured_media":0,"parent":0,"menu_order":0,"comment_status":"closed","ping_status":"closed","template":"","meta":[],"_links":{"self":[{"href":"https:\/\/brfdiariet6.se\/index.php?rest_route=\/wp\/v2\/pages\/409"}],"collection":[{"href":"https:\/\/brfdiariet6.se\/index.php?rest_route=\/wp\/v2\/pages"}],"about":[{"href":"https:\/\/brfdiariet6.se\/index.php?rest_route=\/wp\/v2\/types\/page"}],"author":[{"embeddable":true,"href":"https:\/\/brfdiariet6.se\/index.php?rest_route=\/wp\/v2\/users\/1"}],"replies":[{"embeddable":true,"href":"https:\/\/brfdiariet6.se\/index.php?rest_route=%2Fwp%2Fv2%2Fcomments&post=409"}],"version-history":[{"count":3,"href":"https:\/\/brfdiariet6.se\/index.php?rest_route=\/wp\/v2\/pages\/409\/revisions"}],"predecessor-version":[{"id":462,"href":"https:\/\/brfdiariet6.se\/index.php?rest_route=\/wp\/v2\/pages\/409\/revisions\/462"}],"wp:attachment":[{"href":"https:\/\/brfdiariet6.se\/index.php?rest_route=%2Fwp%2Fv2%2Fmedia&parent=409"}],"curies":[{"name":"wp","href":"https:\/\/api.w.org\/{rel}","templated":true}]}}